rs of 1653989.
1653989
What are the prime factors of 179961?
3, 223, 269
What are the prime factors of 1105875?
3, 5, 983
List the prime factors of 216062.
2, 7, 11, 23, 61
What are the prime factors of 203210?
2, 5, 7, 2903
What are the prime factors of 474703?
31, 15313
List the prime factors of 758854.
2, 53, 7159
List the prime factors of 7814420.
2, 5, 390721
What are the prime factors of 2205448?
2, 7, 39383
List the prime factors of 406559.
406559
List the prime factors of 640276.
2, 7, 13, 1759
What are the prime factors of 58988?
2, 14747
List the prime factors of 414920.
2, 5, 11, 23, 41
List the prime factors of 230594.
2, 7, 13, 181
List the prime factors of 550734.
2, 3, 19, 4831
What are the prime factors of 173049?
3, 37, 1559
List the prime factors of 149141.
17, 31, 283
What are the prime factors of 14064344?
2, 7, 251149
What are the prime factors of 28278461?
28278461
List the prime factors of 366575.
5, 11, 31, 43
What are the prime factors of 993637?
449, 2213
What are the prime factors of 145925?
5, 13, 449
List the prime factors of 6110341.
23, 149, 1783
What are the prime factors of 17828673?
3, 5942891
List the prime factors of 14478758.
2, 7, 1034197
List the prime factors of 1339845.
3, 5, 13, 6871
What are the prime factors of 145068?
2, 3, 7, 11, 157
List the prime factors of 315316.
2, 17, 4637
List the prime factors of 1395516.
2, 3, 116293
What are the prime factors of 786477?
3, 317, 827
List the prime factors of 135403.
135403
List the prime factors of 23473326.
2, 3, 3912221
What are the prime factors of 1763853?
3, 7, 13, 71
What are the prime factors of 58283?
167, 349
What are the prime factors of 1460094?
2, 3, 37, 6577
What are the prime factors of 46601?
46601
List the prime factors of 88070.
2, 5, 8807
List the prime factors of 748794.
2, 3, 124799
List the prime factors of 270029.
270029
List the prime factors of 115998.
2, 3, 19333
List the prime factors of 278332.
2, 149, 467
List the prime factors of 7796970.
2, 3, 5, 41, 2113
List the prime factors of 205279.
103, 1993
What are the prime factors of 827150?
2, 5, 71, 233
What are the prime factors of 16839054?
2, 3, 19, 53, 929
What are the prime factors of 29373050?
2, 5, 7, 19, 631
What are the prime factors of 2928190?
2, 5, 292819
List the prime factors of 3846095.
5, 11, 69929
List the prime factors of 3723290.
2, 5, 199, 1871
List the prime factors of 858532.
2, 71, 3023
List the prime factors of 53512.
2, 6689
List the prime factors of 4652337.
3, 1550779
List the prime factors of 3689352.
2, 3, 51241
What are the prime factors of 48076?
2, 7, 17, 101
List the prime factors of 12301954.
2, 7, 179, 4909
What are the prime factors of 8270789?
17, 101, 4817
List the prime factors of 1854132.
2, 3, 7, 22073
List the prime factors of 915857.
19, 43, 59
List the prime factors of 18147390.
2, 3, 5, 37, 16349
List the prime factors of 2606076.
2, 3, 11, 6581
What are the prime factors of 4779123?
3, 293, 5437
What are the prime factors of 15446352?
2, 3, 321799
List the prime factors of 164866.
2, 13, 17, 373
What are the prime factors of 6936?
2, 3, 17
What are the prime factors of 435161?
435161
List the prime factors of 209578.
2, 104789
What are the prime factors of 40062980?
2, 5, 2003149
What are the prime factors of 2434?
2, 1217
List the prime factors of 226002.
2, 3, 7, 5381
What are the prime factors of 5052918?
2, 3, 13, 64781
List the prime factors of 52663.
13, 4051
What are the prime factors of 327484?
2, 19, 31, 139
What are the prime factors of 285282?
2, 3, 587
List the prime factors of 10873471.
7, 797, 1949
List the prime factors of 69126.
2, 3, 41, 281
List the prime factors of 1139606.
2, 13, 53, 827
What are the prime factors of 12042728?
2, 1505341
List the prime factors of 467137.
11, 42467
What are the prime factors of 15529669?
19, 23, 35537
List the prime factors of 2463998.
2, 1231999
List the prime factors of 41330.
2, 5, 4133
What are the prime factors of 5112478?
2, 7, 17, 21481
What are the prime factors of 333431?
7, 19, 23, 109
What are the prime factors of 98642?
2, 31, 37, 43
List the prime factors of 2317618.
2, 23, 50383
What are the prime factors of 2971577?
7, 23, 18457
List the prime factors of 626480.
2, 5, 41, 191
List the prime factors of 258712.
2, 73, 443
List the prime factors of 35412.
2, 3, 13, 227
What are the prime factors of 1815117?
3, 605039
What are the prime factors of 671145?
3, 5, 101, 443
List the prime factors of 21200223.
3, 11, 37, 97, 179
What are the prime factors of 48368?
2, 3023
What are the prime factors of 2933177?
13, 225629
List the prime factors of 1660105.
5, 29, 107
List the prime factors of 9537294.
2, 3, 13, 122273
What are the prime factors of 887182?
2, 443591
List the prime factors of 7264406.
2, 17, 213659
List the prime factors of 33530.
2, 5, 7, 479
What are the prime factors of 234796?
2, 58699
List the prime factors of 5329779.
3, 7, 13, 2789
What are the prime factors of 199031?
7, 28433
What are the prime factors of 22789316?
2, 11, 17, 30467
List the prime factors of 318016.
2, 4969
What are the prime factors of 197358?
2, 3, 7, 37, 127
What are the prime factors of 546414?
2, 3, 11, 17, 487
List the prime factors of 615455.
5, 123091
List the prime factors of 194891.
194891
List the prime factors of 4934619.
3, 548291
List the prime factors of 5221574.
2, 2610787
What are the prime factors of 244601?
7, 83, 421
What are the prime factors of 7280498?
2, 3640249
What are the prime factors of 7734955?
5, 1546991
List the prime factors of 466510.
2, 5, 11, 4241
List the prime factors of 4756088.
2, 594511
What are the prime factors of 1081861?
11, 8941
What are the prime factors of 586839?
3, 11, 17783
List the prime factors of 3635135.
5, 7, 283, 367
What are the prime factors of 6719842?
2, 3359921
List the prime factors of 369640.
2, 5, 9241
List the prime factors of 219708.
2, 3, 17, 359
What are the prime factors of 316561?
7, 41, 1103
What are the prime factors of 575248?
2, 157, 229
List the prime factors of 16230218.
2, 19, 89, 4799
What are the prime factors of 290240?
2, 5, 907
List the prime factors of 864921.
3, 288307
What are the prime factors of 643312?
2, 31, 1297
List the prime factors of 15564255.
3, 5, 7, 227, 653
List the prime factors of 22990562.
2, 7, 17, 29, 3331
List the prime factors of 1148431.
107, 10733
List the prime factors of 12015395.
5, 7, 211, 1627
What are the prime factors of 27285168?
2, 3, 568441
List the prime factors of 45476.
2, 11369
List the prime factors of 10510618.
2, 443, 11863
List the prime factors of 8828791.
67, 313, 421
What are the prime factors of 3154316?
2, 11, 17, 4217
What are the prime factors of 394498?
2, 13, 15173
What are the prime factors of 131561?
131561
What are the prime factors of 3602452?
2, 7, 128659
What are the prime factors of 15166024?
2, 1895753
List the prime factors of 5048501.
43, 113, 1039
What are the prime factors of 934045?
5, 7, 26687
List the prime factors of 517336.
2, 64667
List the prime factors of 222174.
2, 3, 12343
What are the prime factors of 567870?
2, 3, 5, 23, 823
What are the prime factors of 145297?
31, 43, 109
What are the prime factors of 20141655?
3, 5, 953, 1409
What are the prime factors of 205995?
3, 5, 31, 443
List the prime factors of 7705478.
2, 11, 350249
What are the prime factors of 1778949?
3, 41, 1607
List the prime factors of 650157.
3, 216719
What are the prime factors of 151979?
379, 401
List the prime factors of 212978.
2, 83, 1283
What are the prime factors of 3126386?
2, 677, 2309
List the prime factors of 3434037.
3, 41, 27919
What are the prime factors of 2476946?
2, 1021, 1213
List the prime factors of 2150137.
11, 59, 3313
List the prime factors of 270055.
5, 54011
List the prime factors of 55468.
2, 7, 283
What are the prime factors of 2503883?
2503883
What are the prime factors of 234875?
5, 1879
What are the prime factors of 2596217?
13, 19, 23, 457
What are the prime factors of 20074238?
2, 1571, 6389
What are the prime factors of 306823?
11, 27893
What are the prime factors of 608025?
3, 5, 11, 67
List the prime factors of 269663.
269663
List the prime factors of 500252.
2, 125063
What are the prime factors of 18083855?
5, 1733, 2087
Wh